-22006. Calculate the remainder when i is divided by 227.
224
Let t(l) = 5*l**2 - 12*l - 12. Let s be t(-1). Suppose -g + s*x + 30 = -72, 2*x + 102 = g. Calculate the remainder when g is divided by 26.
24
Suppose 15 = -j - 3*f - f, -5*j - 4*f + 5 = 0. What is the remainder when (12 + 0)/4 - (37 + -45) is divided by j?
1
Suppose -18*b = 33517 - 34435. Calculate the remainder when b is divided by 13.
12
Let c(l) = 5*l**2 + 4*l - 3. What is the remainder when c(5) is divided by 24/28*-2 - (-10712)/728?
12
Let u be (3/(-12))/(2/(-176)). Let k(i) = i**3 - 25*i**2 + 70*i + 29. What is the remainder when k(u) is divided by 15?
12
Let o be (-54 + 0)/((-4)/6). Let n = 81 - o. Suppose n = -6*m + 99 + 33. Calculate the remainder when m is divided by 3.
1
Let c be 158 + 0/(-4) + -3. Suppose 3*b - c - 28 = 0. Calculate the remainder when b is divided by -1*3/(-3 + (-64)/(-22)).
28
Let p = 547 + -413. Calculate the remainder when p is divided by 58.
18
Suppose -3*l + 5*i + 21 = 36, 0 = -3*l - i + 3. What is the remainder when 440 is divided by (-5 - l) + 26 + 5?
24
Suppose 0 = 4*p - 3*b - 4600, 3*p - 1767 = -5*b + 1683. Calculate the remainder when p is divided by 89.
82
Suppose 0 = -3*f + h + 58, 11*f = 15*f + 5*h - 90. Let u = f + 3. Calculate the remainder when 41 is divided by u.
18
Suppose -134*s = -124*s. Suppose s = 7*b - 5*b - 38. What is the remainder when 113 is divided by b?
18
Let n(r) = 0 - 2 + 8*r - 65*r. Let o(m) = 114*m + 5. Let i(t) = 5*n(t) + 3*o(t). What is the remainder when i(2) is divided by 15?
14
Let f(p) = p**2 + 60*p + 595. What is the remainder when f(-50) is divided by 6?
5
Suppose 2352 = -1060*r + 1102*r. What is the remainder when 257 is divided by r?
33
Let j(v) = -2*v + 24. Let k be j(11). Let m(d) = 7*d + 15. Calculate the remainder when (-4)/18 - (-4548)/54 is divided by m(k).
26
Let m = -8956 + 9128. Calculate the remainder when m is divided by 34.
2
Suppose -123*k - 28*k + 1784 = -1689. What is the remainder when 1717 is divided by k?
15
Let r(g) = 139*g + 2767. What is the remainder when r(-10) is divided by 99?
90
Suppose -2*h = 4*m - 67576, 4*h = -4*m - 9784 + 144944. What is the remainder when h is divided by 15?
12
Let h(k) = -56*k**2 + 450*k + 19. Suppose o + 5*b - b = 121, -2*o + 5*b = -216. Let q = 182 - o. Calculate the remainder when q is divided by h(8).
34
Suppose -2*m + 1095 = 5*a, -4*m = -5*a + 915 + 210. Let w(d) = d**2 + 4*d - 38. Let r be w(12). Let q = a - r. What is the remainder when q is divided by 14?
11
Let y = -26 + 38. Suppose y*n = 10*n. Suppose n = -3*m - 2*a + 111, 3*a - a + 201 = 5*m. Calculate the remainder when m is divided by 22.
17
Let q(m) = m**2 + 5*m - 27. Let f be q(-8). Let w(p) = 6*p**2 - 6*p + 2. What is the remainder when 291 is divided by w(f)?
69
Suppose -21*n - 10868 = 2551. Let k = -609 - n. Calculate the remainder when 39 is divided by k.
9
Let s(d) = -122*d + 193. Calculate the remainder when 777 is divided by s(1).
67
Let r = -3188 - -3669. What is the remainder when r is divided by 77?
19
Let h(j) = -12*j - 93. Let f(t) = 2*t**2 + 15*t - 12. Let l be f(-7). What is the remainder when h(l) is divided by 23?
20
Let i = -429 - -1147. Calculate the remainder when i is divided by 9.
7
Suppose -4*m = -3*m + m. Suppose m = 9*u + 3 - 75. Calculate the remainder when 55 is divided by u.
7
Let f(l) = 38 - 9 + 85*l + 53 - 5*l**2 + 3*l**2. Calculate the remainder when f(42) is divided by 28.
12
Let a(k) = 4*k**2 - 376*k - 12 + 4 + 375*k. Suppose -6*s + 106 = 22. What is the remainder when a(-5) is divided by s?
13
Suppose 0 = -3*x - 4 + 10. Suppose -l = x*l + 9, 3*a + 5*l = 36. Let w(b) = b**3 - 9*b**2 - 4*b + 4. What is the remainder when w(10) is divided by a?
13
Calculate the remainder when 947 is divided by (-12)/(-28) - 60/280*666/(-3).
35
Suppose -p + 18 = -0*p. Suppose p*h = 13*h + 45. What is the remainder when ((-6)/5)/(2/(-40)) is divided by h?
6
Let c be (-35 + 3)*(1 - 3/6). Suppose -14*l = -97 - 99. Calculate the remainder when l is divided by (c/12 - 0)/((-2)/6).
2
Let v be (-328)/40 + 8 + 246/5. Let n(y) = y**3 - 50*y**2 + 52*y - 111. What is the remainder when 210 is divided by n(v)?
30
Let s be ((-6)/(-8))/((-2)/(-24)). Suppose s*a = 13*a - 544. What is the remainder when a is divided by 23?
21
Suppose 15*m = -14*m + 3886. Suppose -n - 6*h = -10*h - m, -5 = -5*h. What is the remainder when n is divided by 40?
18
Let y = -2138 - -3890. What is the remainder when ((-2 - -6)/8)/(4/y) is divided by 11?
10
Let n(v) = -53*v + 2707. What is the remainder when 12310 is divided by n(47)?
214
Let l be (-12)/21 + (-1)/(42/(-360)). What is the remainder when 7 - 1044/(l/(-2)) is divided by 68?
64
Suppose 0 = -4*u + 31 - 27. Let v = -80 - -126. Calculate the remainder when v is divided by ((-2112)/(-88))/(2*u).
10
Let i = -594 - -446. What is the remainder when 3/((-90)/(-2344)) - i/(-1110) is divided by 20?
18
Let m(z) = 6*z**3 + 104*z**2 + 3*z - 30. What is the remainder when m(-17) is divided by 94?
27
Let d(n) = n - 5. Let j be d(1). Let b be 0 + (-176)/28 - j/14. What is the remainder when 284 is divided by 2/(1/(-9)*b/19)?
56
Let b = -82 + 85. Suppose -n + 80 = -b*n. Calculate the remainder when 34 is divided by n/220 + 112/11.
4
Let u = 1796 + -1715. What is the remainder when 2095 is divided by u?
70
Suppose 0 = c + 21*c - 2112. Calculate the remainder when 1820 is divided by c.
92
Suppose -g = -5*d - 2541, 2*d - 11375 + 1211 = -4*g. What is the remainder when g is divided by 41?
40
Suppose -24 = 42*l - 46*l, -l + 586 = 5*k. What is the remainder when 1268 is divided by k?
108
Let h(t) = -t**3 - 12*t**2 - 21*t - 50. Let p be h(-13). Suppose 0 = -136*m + 150*m - p. Calculate the remainder when 114 is divided by m.
2
Let c be 8554/30 - (18/135 + 0). Let q = c - 264. What is the remainder when q is divided by 4?
1
Let c = 366 + -375. Let w(g) = -4*g + 114. Calculate the remainder when w(c) is divided by 78.
72
Suppose 0 = -38*u - 1556 + 30018. Let n(y) = 19*y**2 + 4*y - 9. Calculate the remainder when u is divided by n(2).
74
Let r(y) = 3*y**2 - 5*y - 4. Let j be r(-1). Suppose 6*c - c - 82 = g, 4*c = -j*g + 56. What is the remainder when c is divided by 5?
1
Let p(z) = z**2 - 9*z - 12. Let d be p(11). Suppose -d = -y + 16. Suppose 2*s + 0*w + 3*w = y, -3*s - 4*w = -39. What is the remainder when 33 is divided by s?
7
Let h(j) = 8*j**3 + 4*j**2 - 4*j - 2. Suppose -16*p = -4*y - 20*p + 8, 0 = y - 2*p - 2. What is the remainder when h(y) is divided by 1?
0
Suppose 2*a = 2*b - 128, -3*a - 5*b - 96 - 88 = 0. Let v = 63 + a. Suppose v = 30*d - 24*d - 24. What is the remainder when 7 is divided by d?
3
Let a be 1/((-2)/(-12 + 6)). What is the remainder when 102 is divided by ((-13)/a)/(5/(-45))?
24
Let f = 91 + -46. Suppose 35*z + 52 = -30*z + 69*z, -b - 3*z = -351. Calculate the remainder when b is divided by f.
42
Let a = 264 - 977. Let w = -427 - a. Calculate the remainder when w is divided by 18.
16
Let q = 800 - 549. Suppose -g - 1 = 0, -3*h - 5*g + q = -10*g. What is the remainder when h is divided by (-1)/((4/(-34))/2)?
14
Let j(y) = -5*y + 31. Let q be j(5). Suppose 5*r = 3*o + 51, r - 21 = -q*o + 3*o. What is the remainder when r is divided by 6?
0
Suppose -1647 = -15*x + 828. Let k = x + -130. Calculate the remainder when 39 is divided by k.
4
Let t(l) = -l**2 - 26*l - 61. Let i be t(-23). Suppose i*r = -7*r + 510. What is the remainder when 66 is divided by r?
32
Suppose x - 15*x + 2856 = 0. Calculate the remainder when (x/(-10))/((-72)/480) is divided by (-1*2)/((-8)/140).
31
What is the remainder when 931 - (-22 + (-6560)/(-300) - 154/(-30)) is divided by 132?
2
Calculate the remainder when (860/(-60) - -15) + 14/6 + 2583 is divided by 59.
49
Let y = -204 - -271. Let m(r) = 6*r**3 - 6*r**2 + 8*r - 5. Calculate the remainder when m(3) is divided by y.
60
Let l be (1/(-2))/(1/14). Suppose 1494 - 659 = 138*q - 4961. What is the remainder when 60 is divided by 254/8 - (q/24)/l?
28
Suppose 55*q + 1155 = 58*q + 5*l, 4*q - 2*l = 1566. What is the remainder when 781 is divided by q?
1
Suppose -37*c + 33217 + 17294 + 10391 = 0. Calculate the remainder when c is divided by 71.
13
Suppose -33*c + 5246 = -2*c - 5108. What is the remainder when c is divided by 80?
14
Let d(i) be